940 a multiple of 10?
True
Is 10672 a multiple of 58?
True
Is 195 a factor of 31590?
True
Does 160 divide 7840?
True
Does 108 divide 7668?
True
Does 76 divide 4408?
True
Does 31 divide 1135?
False
Does 18 divide 105799?
False
Is 30630 a multiple of 112?
False
Is 1751 a multiple of 2?
False
Is 3 a factor of 19854?
True
Is 140 a factor of 38500?
True
Is 3960 a multiple of 165?
True
Does 117 divide 88452?
True
Is 5705 a multiple of 5?
True
Does 30 divide 450?
True
Is 220 a multiple of 15?
False
Is 13 a factor of 79806?
False
Is 7654 a multiple of 5?
False
Is 15 a factor of 781?
False
Is 15048 a multiple of 44?
True
Does 14 divide 1141?
False
Is 204 a factor of 2962?
False
Is 6742 a multiple of 19?
False
Is 28 a factor of 22549?
False
Is 13 a factor of 14196?
True
Is 1067 a multiple of 9?
False
Is 59 a factor of 8142?
True
Does 218 divide 6976?
True
Is 10200 a multiple of 120?
True
Does 45 divide 12105?
True
Does 9 divide 22401?
True
Does 34 divide 1322?
False
Does 67 divide 2689?
False
Is 28 a factor of 8008?
True
Is 8 a factor of 1944?
True
Is 49 a factor of 3045?
False
Does 3 divide 513?
True
Is 14 a factor of 437?
False
Does 12 divide 10154?
False
Is 11283 a multiple of 5?
False
Does 41 divide 2003?
False
Is 19 a factor of 608?
True
Is 44 a factor of 9030?
False
Is 13 a factor of 741?
True
Is 62 a factor of 1178?
True
Is 96756 a multiple of 347?
False
Does 9 divide 522?
True
Does 125 divide 9250?
True
Is 547 a multiple of 30?
False
Does 4 divide 3184?
True
Is 8 a factor of 2856?
True
Is 7198 a multiple of 12?
False
Is 4641 a multiple of 91?
True
Is 4951 a multiple of 27?
False
Is 59 a multiple of 11?
False
Is 30835 a multiple of 7?
True
Is 15505 a multiple of 75?
False
Does 37 divide 12962?
False
Does 30 divide 11970?
True
Is 1263 a multiple of 20?
False
Is 9054 a multiple of 9?
True
Does 12 divide 1164?
True
Is 160 a factor of 43561?
False
Is 8360 a multiple of 95?
True
Is 17 a factor of 20230?
True
Is 880 a multiple of 8?
True
Is 37284 a multiple of 12?
True
Is 23 a factor of 828?
True
Is 6913 a multiple of 31?
True
Does 52 divide 624?
True
Is 384 a factor of 33408?
True
Is 29 a factor of 2552?
True
Is 19 a factor of 2190?
False
Is 20 a factor of 820?
True
Does 8 divide 308?
False
Is 1665 a multiple of 15?
True
Is 390 a multiple of 13?
True
Is 15 a factor of 3538?
False
Does 5 divide 4560?
True
Is 150 a multiple of 6?
True
Does 26 divide 26?
True
Does 15 divide 1055?
False
Is 20 a factor of 20990?
False
Is 37366 a multiple of 35?
False
Does 24 divide 72?
True
Is 40 a factor of 2480?
True
Is 75 a multiple of 15?
True
Is 30 a factor of 263?
False
Is 481 a multiple of 15?
False
Does 43 divide 1202?
False
Does 13 divide 3243?
False
Is 138 a factor of 24150?
True
Does 3 divide 73?
False
Is 2481 a multiple of 29?
False
Is 9 a factor of 3595?
False
Does 15 divide 8730?
True
Is 4746 a multiple of 7?
True
Is 8 a factor of 48?
True
Does 34 divide 3552?
False
Does 38 divide 312?
False
Is 28 a factor of 17474?
False
Is 2550 a multiple of 15?
True
Is 1323 a multiple of 9?
True
Does 22 divide 66?
True
Is 8375 a multiple of 125?
True
Is 92 a multiple of 46?
True
Is 7 a factor of 17192?
True
Is 12 a multiple of 6?
True
Is 11 a factor of 393?
False
Is 560 a multiple of 14?
True
Is 6 a factor of 584?
False
Does 46 divide 2714?
True
Does 4 divide 339?
False
Is 93 a factor of 5138?
False
Is 5670 a multiple of 70?
True
Does 101 divide 15685?
False
Does 28 divide 15036?
True
Does 16 divide 28896?
True
Is 8 a factor of 4871?
False
Does 127 divide 2116?
False
Is 63 a factor of 956?
False
Is 4 a factor of 384?
True
Does 61 divide 195?
False
Is 30615 a multiple of 16?
False
Is 1545 a multiple of 5?
True
Is 1312 a multiple of 82?
True
Is 825 a multiple of 11?
True
Is 45 a factor of 270?
True
Is 4647 a multiple of 33?
False
Is 1291 a multiple of 80?
False
Does 2 divide 73?
False
Is 522 a multiple of 32?
False
Does 3 divide 2272?
False
Does 15 divide 20265?
True
Is 107 a factor of 11691?
False
Is 12797 a multiple of 67?
True
Does 43 divide 1266?
False
Is 342 a multiple of 18?
True
Does 21 divide 3017?
False
Is 4620 a multiple of 35?
True
Is 40593 a multiple of 21?
True
Does 11 divide 279?
False
Does 44 divide 5412?
True
Is 3 a factor of 18?
True
Is 28 a factor of 281?
False
Is 17 a factor of 49402?
True
Is 15 a factor of 2295?
True
Is 546 a multiple of 15?
False
Does 2 divide 54?
True
Is 19 a factor of 123?
False
Is 1097 a multiple of 5?
False
Is 10 a factor of 8630?
True
Does 4 divide 472?
True
Is 54160 a multiple of 16?
True
Is 591 a multiple of 90?
False
Does 19 divide 1836?
False
Is 4760 a multiple of 28?
True
Is 30 a factor of 2246?
False
Is 13 a factor of 683?
False
Does 142 divide 18460?
True
Does 113 divide 66444?
True
Is 554 a multiple of 18?
False
Is 10 a factor of 120?
True
Is 31 a factor of 217?
True
Is 150 a multiple of 12?
False
Is 432 a multiple of 23?
False
Is 308 a factor of 39424?
True
Is 49105 a multiple of 241?
False
Is 3 a factor of 42?
True
Is 778 a multiple of 40?
False
Is 173 a factor of 9782?
False
Is 25 a factor of 2175?
True
Is 19 a factor of 8398?
True
Is 63 a factor of 2079?
True
Is 20 a factor of 11472?
False
Is 1605 a multiple of 86?
False
Does 136 divide 952?
True
Does 45 divide 4864?
False
Is 9 a factor of 755?
False
Is 5 a factor of 25?
True
Is 38 a factor of 988?
True
Is 17 a factor of 7684?
True
Does 54 divide 5489?
False
Does 302 divide 23047?
False
Does 17 divide 758?
False
Is 396 a multiple of 22?
True
Is 13 a factor of 17030?
True
Does 8 divide 80?
True
Is 38 a factor of 287?
False
Is 13 a multiple of 13?
True
Is 66 a factor of 17688?
True
Does 4 divide 796?
True
Is 2038 a multiple of 83?
False
Is 8 a factor of 5612?
False
Is 92586 a multiple of 15?
False
Does 10 divide 4290?
True
Is 1794 a multiple of 8?
False
Does 21 divide 798?
True
Is 11 a factor of 187?
True
Is 11 a factor of 907?
False
Is 6 a factor of 2322?
True
Does 13 divide 42029?
True
Is 2 a factor of 2187?
False
Is 4896 a multiple of 16?
True
Is 15 a factor of 6278?
False
Is 8 a factor of 5503?
False
Is 63317 a multiple of 24?
False
Is 2769 a multiple of 39?
True
Is 15 a factor of 286?
False
Does 134 divide 1900?
False
Is 36 a factor of 51840?
True
Is 11 a factor of 4642?
True
Is 2150 a multiple of 43?
True
Is 28 a factor of 186?
False
Does 18 divide 450?
True
Does 60 divide 59460?
True
Is 1495 a multiple of 23?
True
Does 16 divide 1136?
True
Does 14 divide 35798?
True
Does 32 divide 1024?
True
Is 1047 a multiple of 5?
False
Is 316 even?
True
Is 7136 a multiple of 16?
True
Is 2620 a multiple of 28?
False
Is 76 a factor of 3853?
False
Does 9 divide 11574?
True
Does 61 divide 5671?
False
Does 10 divide 360?
True
Is 110 a factor of 1320?
True
Is 13 a factor of 147?
False
Does 60 divide 2041?
False
Is 98 a factor of 17538?
False
Is 268 a factor of 20700?
False
Is 84 a factor of 10752?
True
Is 1070 a multiple of 13?
False
Does 33 divide 3597?
True
Is 64 a factor of 1208?
False
Is 133292 a multiple of 47?
True
Is 12 a factor of 6600?
True
Is 57 a factor of 154?
False
Does 254 divide 134264?
False
Is 7 a factor of 167?
False
Is 41 a factor of 615?
True
Is 31 a factor of 38285?
True
Is 33 a factor of 5940?
True
Does 52 divide 1716?
True
Is 41 a factor of 7216?
True
Does 30 divide 17880?
True
Is 10 a factor of 448?
False
Is 56 a factor of 15093?
False
Is 18 a factor of 1260?
True
Is 1572 a multiple of 10?
False
Is 14 a factor of 910?
True
Does 6 divide 790?
False
Does 8 divide 9754?
False
Is 19 a factor of 1222?
False
Does 70 divide 2520?
True
Does 197 divide 29156?
True
Does 3 divide 1596?
True
Is 41 a multiple of 14?
False
Does 36 divide 297?
False
Does 37 divide 2254?
False
Is 1050 a multiple of 30?
True
Does 27 divide 5319?
True
Is 96 a factor of 1536?
True
Is 2340 a multiple of 78?
True
Is 54 a multiple of 13?
False
Is 8 a factor of 166?
False
Is 2413 a multiple of 17?
False
Is 2405 a multiple of 185?
True
Is 105 a factor of 3150?
True
Is 6960 a multiple of 72?
False
Does 22 divide 494?
False
Is 22 a factor of 6152?
False
Does 5 divide 125?
True
Does 128 divide 640?
True
Is 84894 a multiple of 9?
False
Does 9 divide 684?
True
Is 89 a factor of 3157?
False
Does 139 divide 89126?
False
Is 13 a factor of 8873?
False
Does 21 divide 3465?
True
Is 864 a multiple of 24?
True